he greatest common factor of 3 and 276882.
3
Calculate the greatest common divisor of 1247196 and 2220.
444
What is the highest common divisor of 588 and 1956?
12
What is the highest common divisor of 55 and 4855?
5
Calculate the highest common divisor of 3116208 and 16.
16
Calculate the greatest common divisor of 29618 and 8032.
502
What is the greatest common factor of 53058 and 3774?
222
What is the highest common factor of 223687 and 551?
19
Calculate the highest common divisor of 544 and 107192.
8
Calculate the highest common factor of 43751 and 335.
67
What is the greatest common factor of 693 and 48015?
99
Calculate the highest common divisor of 6 and 51921.
3
Calculate the greatest common divisor of 9 and 2935566.
9
Calculate the greatest common divisor of 5213 and 78596.
401
Calculate the greatest common factor of 8550 and 990.
90
Calculate the highest common factor of 146276 and 1450.
58
Calculate the greatest common divisor of 3920 and 6280.
40
Calculate the highest common factor of 296752 and 1088.
272
What is the highest common divisor of 3255 and 130830?
105
Calculate the highest common divisor of 1405 and 10.
5
What is the highest common divisor of 49 and 1687?
7
What is the highest common factor of 33 and 75801?
33
Calculate the greatest common divisor of 1605 and 1743565.
535
What is the highest common factor of 7259 and 3904?
61
What is the highest common factor of 693 and 4059?
99
What is the greatest common factor of 4 and 1425128?
4
What is the highest common factor of 587314 and 196?
98
Calculate the greatest common factor of 45752 and 152.
152
Calculate the highest common factor of 2260248 and 328.
328
What is the highest common factor of 429 and 120318?
33
Calculate the highest common divisor of 721 and 2100.
7
Calculate the highest common factor of 384 and 4584.
24
What is the highest common factor of 29112 and 48?
24
What is the greatest common divisor of 98 and 69062?
14
What is the greatest common divisor of 9074 and 754?
26
Calculate the greatest common divisor of 91485 and 1070.
535
Calculate the greatest common factor of 6 and 308.
2
Calculate the highest common divisor of 14 and 488782.
14
What is the highest common divisor of 150822 and 228?
114
Calculate the greatest common divisor of 10 and 1180210.
10
Calculate the highest common factor of 5262 and 1341.
3
What is the greatest common factor of 1362 and 5130654?
1362
What is the highest common divisor of 1545453 and 119?
119
What is the greatest common divisor of 14307 and 20311?
19
What is the highest common divisor of 68089 and 411?
137
Calculate the highest common divisor of 461660 and 41.
41
What is the greatest common factor of 9064 and 55?
11
What is the highest common factor of 647439 and 39?
39
Calculate the greatest common divisor of 4214 and 2322.
86
Calculate the highest common divisor of 158799 and 30775.
1231
Calculate the greatest common divisor of 1300 and 662350.
650
Calculate the greatest common factor of 672 and 1132768.
224
What is the highest common factor of 182 and 9247?
7
Calculate the greatest common divisor of 50960 and 663.
13
Calculate the greatest common divisor of 1980 and 5170.
110
Calculate the highest common factor of 895 and 5549.
179
Calculate the greatest common factor of 249 and 11793.
3
What is the highest common factor of 1565325 and 773?
773
Calculate the greatest common factor of 427 and 1072197.
427
Calculate the greatest common factor of 44 and 34.
2
What is the greatest common divisor of 144896 and 8773?
283
Calculate the highest common factor of 1876 and 4228.
28
What is the greatest common divisor of 588300 and 16430?
530
What is the greatest common factor of 454552 and 70?
14
Calculate the greatest common divisor of 128 and 845888.
64
Calculate the greatest common divisor of 2166 and 159486.
114
Calculate the greatest common divisor of 70 and 241885.
35
Calculate the greatest common divisor of 384 and 112320.
192
Calculate the highest common factor of 64 and 228048.
16
Calculate the highest common factor of 150955 and 5320.
665
What is the greatest common divisor of 26 and 720187?
13
Calculate the greatest common divisor of 74702 and 492.
82
Calculate the highest common divisor of 65194 and 3182.
74
What is the highest common divisor of 369 and 10386?
9
Calculate the highest common factor of 62 and 59954.
62
What is the highest common factor of 1118 and 3484?
26
What is the highest common factor of 182591 and 2198?
157
Calculate the greatest common divisor of 5213 and 377.
13
Calculate the highest common factor of 550 and 1700.
50
What is the highest common factor of 304 and 1729114?
38
What is the greatest common factor of 23416 and 8?
8
What is the highest common divisor of 22001 and 98?
49
Calculate the greatest common factor of 4104438 and 78.
78
What is the highest common factor of 4099446 and 351?
117
Calculate the greatest common factor of 207400 and 2550.
850
Calculate the highest common divisor of 44913 and 33.
33
Calculate the highest common divisor of 240 and 191504.
16
Calculate the highest common factor of 7908 and 1488.
12
Calculate the greatest common divisor of 1790 and 78402.
358
Calculate the highest common factor of 4857 and 4395.
3
What is the highest common divisor of 2548 and 215488?
364
What is the highest common factor of 61166 and 1190?
238
What is the greatest common factor of 1246 and 1453459?
623
What is the greatest common divisor of 7 and 313439?
7
Calculate the highest common factor of 5000 and 624.
8
What is the highest common divisor of 6656 and 26?
26
What is the highest common divisor of 1578 and 447363?
789
What is the highest common divisor of 830 and 16849?
83
Calculate the highest common divisor of 65956 and 132.
44
What is the highest common factor of 3038 and 124?
62
Calculate the highest common divisor of 23427 and 1.
1
What is the greatest common divisor of 4048 and 12?
4
Calculate the greatest common divisor of 171507 and 6.
3
What is the greatest common factor of 2532 and 156?
12
Calculate the highest common divisor of 2370 and 149370.
30
What is the highest common factor of 340550 and 10?
10
What is the highest common factor of 1304 and 934642?
326
Calculate the greatest common divisor of 615 and 10755.
15
Calculate the greatest common divisor of 231 and 3927.
231
Calculate the greatest common divisor of 176970 and 1620.
30
What is the greatest common divisor of 2873 and 629?
17
What is the highest common divisor of 2000 and 25240?
40
Calculate the greatest common factor of 275 and 9.
1
Calculate the highest common factor of 142487 and 407.
37
What is the highest common divisor of 28 and 32914?
14
What is the highest common divisor of 24544 and 3328?
416
Calculate the highest common factor of 20 and 164120.
20
What is the highest common factor of 44522 and 11639?
113
What is the highest common factor of 8043992 and 209?
209
Calculate the greatest common divisor of 371829 and 246.
123
Calculate the greatest common factor of 900 and 17500.
100
Calculate the highest common divisor of 130462 and 451.
41
What is the greatest common factor of 3438322 and 326?
326
What is the greatest common factor of 46 and 5554?
2
Calculate the highest common divisor of 99 and 106443.
9
Calculate the greatest common divisor of 1260 and 7700.
140
What is the greatest common divisor of 85630 and 10?
10
What is the highest common divisor of 144 and 2451024?
144
Calculate the greatest common factor of 2850828 and 673.
673
Calculate the greatest common divisor of 54540 and 620.
20
Calculate the highest common factor of 799 and 20351.
47
Calculate the greatest common factor of 16 and 12946.
2
Calculate the greatest common factor of 13496 and 168.
56
Calculate the greatest common factor of 37653 and 42.
21
What is the highest common factor of 299306 and 56?
14
Calculate the highest common factor of 143399 and 38214.
193
Calculate the highest common factor of 927 and 38213.
103
Calculate the greatest common factor of 955535 and 23.
23
What is the greatest common divisor of 38 and 818?
2
Calculate the greatest common factor of 793706 and 494.
38
Calculate the greatest common divisor of 143 and 11528.
11
Calculate the highest common divisor of 88473 and 77.
77
What is the highest common factor o